2 - 18*d - 37. Let p be q(20). Let c = -9 + 11. Calculate the highest common factor of c and p.
1
Let w(p) = -4*p**2 - 61*p. Let x be w(-14). What is the greatest common divisor of x and 20?
10
Let q(j) = -j**2 - 14*j + 4. Let d be q(-14). Let c = -3 + 4. Calculate the greatest common divisor of d and c.
1
Let v = -172 + 1186. What is the greatest common factor of v and 78?
78
Let n = 85 + -38. Suppose 4*d - 38 = -q, -3*q - 5*d + 46 = -n. Let c = 111 - q. What is the highest common factor of c and 17?
17
Let c(w) = -17*w + 14*w - 27 + 10. Let l be c(-8). Calculate the greatest common factor of l and 35.
7
Let i(f) = 4*f**2 + 22*f + 14. Let y be i(-6). Let d be y/(-65) + 52/5. What is the highest common divisor of d and 15?
5
Let u(s) = 57*s**3 + 10*s**2 - 11*s - 12. Let d be u(2). Calculate the highest common factor of 132 and d.
66
Let i(x) = -2*x**2 - 4*x + 14. Let v be i(-6). Let c = v + 46. Calculate the highest common divisor of c and 4.
4
Suppose 123 = -0*k + 3*k. Suppose -34 = -2*g + 3*x, -3*g + 3*x - x + k = 0. Suppose 38*q = 1323 + 2888 - 867. Calculate the greatest common divisor of g and q.
11
Let c be ((-91)/35 - 1)*5/(-2). Calculate the greatest common divisor of c and 39.
3
Let r be ((-290)/(-87))/(2/(-42))*2/(-5). Let i(q) = 2*q - 6. Let d be i(5). What is the highest common divisor of d and r?
4
Let o be 3/(-2)*(0 + -2). Suppose 0*q - 99 = -11*q - 22*q. What is the highest common factor of q and o?
3
Suppose 6*w - w = 130. Suppose 5*u - w = 19. Suppose -11*q - 42*q + 111 = 58*q. Calculate the highest common divisor of u and q.
1
Suppose 6*y = -52 - 80. Let k be 148*(4 + y/8). What is the highest common factor of 74 and k?
37
Let h be (3/(-4))/((-237)/(-48) - 5). Let s = -3 - -135. Calculate the greatest common factor of s and h.
12
Let o = 1993 - 1822. Let d be ((-2)/6)/((-2)/114). Calculate the highest common factor of o and d.
19
Suppose -6*f + 5 = -193. Suppose 0 = r + 4*p + 2 - 13, 2*p = 3*r - f. What is the greatest common factor of r and 77?
11
Let n(g) = g**3 - 9*g**2 - 9*g - 13. Let d be n(10). Let f be 9/(-27) - (-17)/d. Let i = 19 + f. What is the greatest common factor of 13 and i?
13
Let f be 575/15*-2*(-6)/4. Calculate the greatest common factor of f and 69.
23
Suppose -3*x = -4*x + 34. Suppose -46*n + 1231 = -1115. Calculate the greatest common factor of x and n.
17
Let j = -3 + 3. Let o be 24 - (j + -1 + 0). Let s = 205 - 195. Calculate the greatest common divisor of s and o.
5
Suppose -4*p - 8 = 0, -6*p - 118 = -5*l - 2*p. Calculate the greatest common divisor of 176 and l.
22
Let i(d) = -2*d**3 - 3*d**2 - 8*d - 16. Let y be i(-4). What is the greatest common factor of 80 and y?
16
Let g = 16 - 31. Let s be (-2)/2*g + 3. Let u(j) = 10*j**3 - 3*j**2 + j + 2. Let r be u(2). Calculate the greatest common factor of s and r.
18
Let b(u) = -4*u**2 - 3*u + 3. Let g be b(-6). Let h = g + 426. Suppose -90 = -q - 4*w, -h = -3*q + 3*w - 4*w. What is the greatest common divisor of 68 and q?
34
Let b = -1398 + 1409. What is the greatest common divisor of b and 2244?
11
Suppose -2*t + 4*n = -224, t - 4*n = 6*t - 490. What is the greatest common factor of t and 2958?
102
Let y be 78/(-273)*28/(-2). What is the highest common divisor of 52 and y?
4
Suppose -423 = -26*y + 305. Calculate the highest common factor of y and 308.
28
Let g(t) = -3*t + 24. Let p be g(0). What is the highest common divisor of 32 and p?
8
Let a(q) = -q**2 + 29*q - 172. Let m be a(11). What is the greatest common factor of 338 and m?
26
Let g be 3/(6/8)*2/2. Suppose -7*k = -g - 3. Calculate the highest common divisor of 3 and k.
1
Let d(c) = 5*c - 85. Let z be 669/27 + 4/18. Let g be d(z). Calculate the highest common divisor of g and 100.
20
Let t(l) = 3*l - 28. Let m be t(11). Suppose 0 = -j + m*a - 3, -a - 42 = -2*j - 3*a. Calculate the highest common divisor of 51 and j.
17
Suppose 2*h + 5*s = -0*s + 43, 5*h = 5*s + 125. Suppose d - 2*d + 5 = 0. Suppose y - 4*o - o - 40 = 0, 20 = d*o. What is the highest common divisor of h and y?
12
Let d(i) = 16*i**2 + 7*i - 11. Let x be d(-5). Suppose 5*n = 2*y - 1188, y + 4*n - 240 - x = 0. Calculate the greatest common divisor of y and 54.
54
Let v be ((-11)/(-6)*68)/(6/9). Suppose -a = -4*a + 51. What is the greatest common divisor of v and a?
17
Let g(j) = 5*j**2 + 12*j - 64. Let u be g(6). What is the greatest common factor of u and 4?
4
Suppose 4*f - 266 = -15*f. What is the greatest common factor of f and 49?
7
Suppose 1 = 4*z - 7. Suppose -z*b + 20 = 3*b. Suppose -29 - 15 = -w. Calculate the greatest common divisor of b and w.
4
Let t = -4 + 4. Suppose 2*j - r = 15, 4*j = -3*r + r + 42. Suppose t = -2*i + 23 + j. Calculate the highest common divisor of i and 40.
8
Let b(d) = d**3 - 30*d**2 - 29*d - 58. Let h be b(31). Calculate the highest common divisor of h and 19.
1
Let t(y) = -25*y + 189. Let p be t(6). Suppose -6 = -2*z + 2*k, -5*z - 3*k + 15 = k. Calculate the highest common divisor of p and z.
3
Let c(p) = -33*p - 18. Let h be c(-2). Suppose 1 = w, -3*q - 4*w = -0*w - 22. Suppose -q*x + h = -2*x. What is the highest common factor of x and 24?
12
Suppose 0 = a + w - 34, -a + w = 2*a - 106. Suppose 57*c + a = 62*c. What is the greatest common factor of c and 21?
7
Suppose 4*f - 128 = 440. What is the greatest common factor of f and 4?
2
Let i(d) = d**2 + 11*d + 1. Let r(c) = -c + 1. Let w(u) = -i(u) + 3*r(u). Let h be w(-10). Calculate the greatest common factor of h and 6.
6
Let v be (-3)/7*7700/(-150). Let g(u) = 5 + 3*u**2 + u + u - 1. Let f be g(-4). Calculate the greatest common divisor of v and f.
22
Let p be (-108)/(-21) - (-2 - 32/(-28)). What is the greatest common factor of 93 and p?
3
Let s = -164 - -1266. Calculate the highest common factor of s and 38.
38
Let o be 79/7 + (-28)/98. Let c be 30/(-15) - (1*-2 - o). What is the highest common factor of 88 and c?
11
Let z = -74 + 82. Suppose 0 = z*g - 2*g - 102. What is the highest common factor of g and 17?
17
Suppose -i - 156 = -7*i. Suppose -146 = -5*b - i. Suppose 360 = 9*h - 4*h. Calculate the greatest common divisor of b and h.
24
Suppose 0 = 5*x - 4*m - 34, 0 = 5*m - 3 + 8. Let i = 13 + x. What is the highest common divisor of i and 171?
19
Suppose 0 = x + 5*w - 84, 0 = -x + 4*w - 1 + 112. Let y = x + -89. What is the highest common divisor of y and 4?
2
Suppose -35 - 7 = -21*n. Calculate the greatest common divisor of 45 and n.
1
Suppose 0 = -16*w + 20*w - 320. Let z = 7 + 3. Calculate the greatest common factor of z and w.
10
Suppose 115 = -8*y + 9*y. Suppose 19 - y = -8*h. Calculate the greatest common factor of 48 and h.
12
Let x be 328/20 - 8/20. Let w(b) = b**2 + b + 80. Let v be w(0). Calculate the highest common factor of v and x.
16
Let q(u) = -u**3 + 12*u**2 + 11*u - 44. Let i be q(10). What is the greatest common factor of 14 and i?
14
Suppose 73*j - 70*j - 15 = 0, 0 = 4*w - j - 163. Calculate the greatest common factor of 105 and w.
21
Let f = -45 + 66. Let s = 45 - f. Calculate the highest common divisor of s and 24.
24
Suppose -2*w + 25 = 3*x - 29, 5*x + 2*w - 90 = 0. Let k = 18 - 6. Calculate the highest common factor of k and x.
6
Suppose -2*z - 4*g = -236, -5*z + 117 = 3*g - 501. Calculate the greatest common divisor of 90 and z.
18
Let f = 1368 + -1367. What is the highest common factor of f and 6?
1
Let b be 3/(-5) - 286/(-10). Calculate the greatest common factor of b and 749.
7
Let y be ((-1450)/8)/(-25) + (-3)/(-4). What is the greatest common divisor of y and 2872?
8
Suppose 224 = 18*j - 14*j. Calculate the highest common divisor of 280 and j.
56
Let p = 445 + -346. What is the highest common factor of p and 22?
11
Let d = -4 - 94. Let h = -69 - d. What is the highest common divisor of 319 and h?
29
Suppose 0 = 2*b + b - 45. Let m be ((-1640)/(-287))/(4/42). What is the greatest common divisor of m and b?
15
Suppose -17*w + 20*w = 18. Let i(x) = 2 - x**2 + w*x - 4*x - 9*x - x. Let q be i(-7). Calculate the highest common factor of q and 36.
9
Suppose -15*l + 10085 = -2215. Calculate the highest common divisor of 41 and l.
41
Suppose -5*m - m + m = 0. Suppose m = 32*g - 33*g + 39. Calculate the highest common divisor of 65 and g.
13
Suppose 5*l + 2*r - 1354 = r, -3*r - 3 = 0. Suppose 61 = -6*x + l. Calculate t